is -36 + 954108?
954072
In base 6, what is -52402021 - -225?
-52401352
In base 5, what is 11404203 + 443?
11410201
In base 8, what is -5 - -60250433?
60250426
In base 4, what is 110220 - 1031120?
-320300
In base 2, what is -100101010011011 + -110010110101?
-101011101010000
In base 9, what is 5888 - 24104?
-17105
In base 5, what is 24 - -33212200?
33212224
In base 12, what is -319 + 1730b?
16bb2
In base 8, what is 4505434 + 1?
4505435
In base 5, what is -1240 + 44014002?
44012212
In base 5, what is -22 + -213143220?
-213143242
In base 8, what is -5 - 12502434?
-12502441
In base 13, what is -3 - 4554705?
-4554708
In base 15, what is -a584ba - 6?
-a584c1
In base 3, what is 22202021010 - 1101210?
22200212100
In base 8, what is -72057 + 1042?
-71015
In base 16, what is -43d - a9c7?
-ae04
In base 11, what is 1536a - 196?
15184
In base 5, what is -4210020414 - 13?
-4210020432
In base 4, what is -301011003 + -233?
-301011302
In base 16, what is -2 - -a41eab?
a41ea9
In base 11, what is 3262a + -108?
32522
In base 7, what is -330 - 134563?
-135223
In base 8, what is -31366 + 4370?
-24776
In base 5, what is -13 + 10342202132?
10342202114
In base 4, what is 12 - 1130210130?
-1130210112
In base 15, what is -23751 + -53b?
-23c8c
In base 14, what is -1 + 112721?
112720
In base 2, what is 101000100110011000010010 - -11?
101000100110011000010101
In base 15, what is -1 + -38d95?
-38d96
In base 16, what is -e - -8c630?
8c622
In base 8, what is -10662 - 217610?
-230472
In base 2, what is 1100111 - -11100000111000?
11100010011111
In base 11, what is -9188 - 48511?
-56699
In base 10, what is 541950 - -46?
541996
In base 3, what is -10220110 - -1021012?
-2122021
In base 3, what is 12212 + 2020021010?
2020110222
In base 3, what is 22211020022001 - -102?
22211020022110
In base 7, what is -151506412 - 4?
-151506416
In base 2, what is 111010101011111000110110 - -10001?
111010101011111001000111
In base 12, what is -2 + 2a177887?
2a177885
In base 6, what is -1445454052 + -4?
-1445454100
In base 3, what is 10102012001110100 - 12?
10102012001110011
In base 11, what is 3 - 680832?
-68082a
In base 5, what is -1321032 + 22042?
-1243440
In base 14, what is 66b31 + 99a?
676cb
In base 15, what is 37d98596 - 3?
37d98593
In base 5, what is -2000223032 + -204?
-2000223241
In base 7, what is 21464 + -31431?
-6634
In base 14, what is 0 + -4758166?
-4758166
In base 16, what is -1a3083a + -4?
-1a3083e
In base 3, what is 11 - 1001110220121000?
-1001110220120212
In base 10, what is -413 - 91827?
-92240
In base 12, what is -ab217 + -1a4?
-ab3bb
In base 9, what is 65 + -2726222?
-2726146
In base 13, what is -176 - 248280?
-248426
In base 3, what is 111210122 + -2110210021?
-1221222122
In base 5, what is 22444344 + -413?
22443431
In base 14, what is 2 - 23bad2?
-23bad0
In base 5, what is -1400032 + 10302?
-1334230
In base 7, what is 102 - 44014523?
-44014421
In base 9, what is 158330754 + 0?
158330754
In base 8, what is -7 - -12507031?
12507022
In base 13, what is -13a75 + 17c8?
-1227a
In base 14, what is -1183c5 - -d9?
-1182ca
In base 13, what is 3 + -1355846?
-1355843
In base 10, what is -230 + -48220?
-48450
In base 12, what is -69a3516 - 5?
-69a351b
In base 13, what is -73 - 991248?
-9912bb
In base 7, what is 25020 - 16506?
5211
In base 11, what is -59238 - 189?
-59416
In base 3, what is -120012100022 + -1100?
-120012101122
In base 5, what is -114 + -10043322201?
-10043322320
In base 5, what is -4011 - -11012130?
11003114
In base 15, what is -561a8 + 161?
-56047
In base 2, what is 101011001 - -110110111100010010?
110111000001101011
In base 5, what is -122021400 + 43?
-122021302
In base 11, what is 1170 + 333a?
44aa
In base 3, what is 10110100121210 + 101?
10110100122011
In base 8, what is -274351454 - 3?
-274351457
In base 13, what is -3331026 - -1?
-3331025
In base 5, what is -3301434413 + -4?
-3301434422
In base 2, what is -1111000100010110 + -1011111110?
-1111010000010100
In base 9, what is -110824638 + -4?
-110824643
In base 16, what is 68 - 207a2?
-2073a
In base 11, what is 492a - -949?
5778
In base 2, what is -10000010100011111110001010 + 100?
-10000010100011111110000110
In base 9, what is -111632240 - -5?
-111632234
In base 3, what is -102100202 + 110110?
-101220022
In base 13, what is 571a8 + -20a?
56c9b
In base 16, what is -9142d4e + 5?
-9142d49
In base 3, what is 2 + -21102010122011?
-21102010122002
In base 15, what is -a9bc - -582?
-a43a
In base 10, what is -4 - -14105387?
14105383
In base 7, what is -320435435 + -1?
-320435436
In base 2, what is 111000111101 - 1011000100011?
-11111100110
In base 8, what is 5 + 20411755?
20411762
In base 16, what is -3c615 - -1?
-3c614
In base 7, what is 10166 + -1132306?
-1122110
In base 4, what is -333311013 - -1333?
-333303020
In base 5, what is 2034301 - -2234?
2042040
In base 10, what is -2 - 1384361?
-1384363
In base 9, what is -32587364 - -1?
-32587363
In base 3, what is -10012201 - -100022012201?
100012000000
In base 14, what is -46 + -1dbbc41?
-1dbbc87
In base 13, what is bb490 + 61?
bb521
In base 12, what is -6 - 842a3?
-842a9
In base 6, what is -1410350 + 52?
-1410254
In base 16, what is -ed28c3 - 4?
-ed28c7
In base 11, what is 1789a6 + -159?
178848
In base 8, what is 4527 + 1342?
6071
In base 6, what is -4305350 - -42?
-4305304
In base 16, what is -f8a0 + -1ee?
-fa8e
In base 9, what is -84 - 26680564?
-26680658
In base 13, what is 1 - -26935167?
26935168
In base 9, what is 333 + 1122062?
1122405
In base 16, what is 3 - -d48c7a?
d48c7d
In base 16, what is -20 - fbf7e?
-fbf9e
In base 7, what is -166154411 - -51?
-166154330
In base 5, what is 120232 + -1320400?
-1200113
In base 16, what is -19825d + -23?
-198280
In base 7, what is -1123250041 + -4?
-1123250045
In base 6, what is 224334 - -1243?
230021
In base 3, what is -11 - 12200222220200001?
-12200222220200012
In base 14, what is 111 - 12d247?
-12d136
In base 2, what is 1001100010110100110001 + -110?
1001100010110100101011
In base 4, what is -1300233320 + -103?
-1300300023
In base 5, what is -10 + 1201241243400?
1201241243340
In base 15, what is 222 + 1c9a6?
1cbc8
In base 12, what is 1 + 206405?
206406
In base 16, what is -472b4 - 17?
-472cb
In base 5, what is 1 + -1202021032?
-1202021031
In base 15, what is -313b3 - 4b5?
-31878
In base 16, what is -305adc2 - 3?
-305adc5
In base 13, what is 4 + 2738a96?
2738a9a
In base 15, what is -402 - -c65?
863
In base 2, what is 1000101110 - -1010000011110011?
1010001100100001
In base 2, what is 1001000010111 - -101000110?
1001101011101
In base 5, what is -4 - 2031411402?
-2031411411
In base 9, what is -27316370 - -4?
-27316365
In base 10, what is 327574 - -1?
327575
In base 4, what is -2111023231 - 1300?
-2111031131
In base 9, what is 1133822467 + 1?
1133822468
In base 11, what is 97048 + -152?
969a6
In base 3, what is 21210221211 + -1210022?
21202011112
In base 14, what is 9db58 - 39?
9db1d
In base 4, what is -110 - 10323131111?
-10323131221
In base 6, what is -125 + -3433?
-4002
In base 16, what is f + 14413dc?
14413eb
In base 3, what is -2100011 + -100120110?
-102220121
In base 14, what is -27141988 + -4?
-2714198c
In base 4, what is 21 - 201231301233?
-201231301212
In base 3, what is 11120121220121 + 11?
11120121220202
In base 13, what is -20c83 - 2510?
-23493
In base 2, what is -101 + -10011010111001101111000?
-10011010111001101111101
In base 6, what is -14011233 - -2024?
-14005205
In base 14, what is -222 - d646?
-d868
In base 14, what is 5852226b - -4?
58522271
In base 5, what is -113 + 241133404?
241133241
In base 7, what is 15166 - -126460?
144656
In base 10, what is 10370042 + -64?
10369978
In base 7, what is -24 + -1211245?
-1211302
In base 14, what is 39a5105 - -5?
39a510a
In base 6, what is -240003145 + 0?
-240003145
In base 5, what is -110 + 3443312313?
3443312203
In base 9, what is 0 - -1140473?
1140473
In base 14, what is -341287 + d?
-341278
In base 5, what is -32120 - -3441244?
3404124
In base 2, what is -110 - -100010101010010001110?
100010101010010001000
In base 3, what is 1221012020 - -1022210202?
10020222222
In base 8, what is 54320 + -23060?
31240
In base 5, what is -13 - 23322331?
-23322344
In base 6, what is -324255451 + 5?
-324255442
In base 9, what is 204 - 244257?
-244053
In base 6, what is -20521 + 25100?
4135